82
What is the greatest common factor of 23067 and 38313?
99
What is the highest common factor of 29750 and 12971?
119
What is the highest common divisor of 7808 and 70516?
244
What is the highest common factor of 89284 and 425?
17
Calculate the greatest common divisor of 131516 and 1876.
28
What is the highest common divisor of 176 and 1322992?
176
What is the greatest common divisor of 1860 and 44120?
20
Calculate the greatest common factor of 19944 and 144.
72
Calculate the highest common divisor of 78 and 4875.
39
What is the greatest common divisor of 432 and 6806160?
432
What is the highest common factor of 75 and 3625?
25
What is the highest common factor of 13 and 154414?
13
What is the greatest common factor of 377 and 6591?
13
Calculate the greatest common divisor of 19055 and 1332.
37
Calculate the greatest common divisor of 73690 and 1160.
10
What is the highest common divisor of 41808 and 112?
16
What is the greatest common divisor of 1113 and 776874?
1113
What is the greatest common divisor of 37387 and 1199?
109
What is the highest common factor of 344 and 950773?
43
Calculate the highest common divisor of 66 and 8004.
6
Calculate the greatest common divisor of 139 and 170831.
139
Calculate the highest common divisor of 6227 and 611.
13
What is the greatest common divisor of 5850 and 52?
26
Calculate the greatest common factor of 2611 and 105.
7
What is the greatest common factor of 5184 and 540432?
1296
Calculate the highest common factor of 195 and 2955.
15
Calculate the greatest common divisor of 1507247 and 197.
197
What is the greatest common divisor of 48 and 1820096?
16
Calculate the highest common divisor of 22496 and 76.
76
Calculate the highest common divisor of 54 and 4511268.
54
What is the highest common factor of 15168 and 21?
3
Calculate the greatest common divisor of 22 and 3476374.
22
What is the greatest common factor of 5558804 and 584?
292
What is the greatest common divisor of 910 and 57070?
130
What is the highest common divisor of 42230 and 4838?
82
Calculate the greatest common divisor of 2088440 and 90.
10
What is the greatest common divisor of 1674 and 3534?
186
Calculate the greatest common factor of 202 and 2.
2
What is the greatest common factor of 239868 and 420?
12
What is the greatest common factor of 270 and 49010?
10
Calculate the highest common divisor of 34482 and 609.
21
Calculate the highest common factor of 570 and 2086770.
570
What is the greatest common factor of 165 and 47696?
11
What is the greatest common divisor of 19126 and 23214?
146
What is the greatest common factor of 1080001 and 65?
13
Calculate the highest common factor of 46720 and 620.
20
What is the highest common divisor of 226304 and 476?
68
Calculate the greatest common divisor of 10074 and 3473.
23
What is the greatest common factor of 1324 and 562369?
331
Calculate the highest common factor of 129857 and 215477.
1427
What is the greatest common divisor of 31257 and 207?
207
What is the greatest common factor of 73 and 23798?
73
Calculate the greatest common divisor of 20492 and 11985.
47
Calculate the highest common factor of 14028 and 434.
14
What is the greatest common factor of 7258 and 674612?
382
What is the greatest common factor of 20 and 219200?
20
What is the greatest common divisor of 825129 and 204?
51
What is the greatest common divisor of 14450 and 1500?
50
What is the highest common factor of 100 and 9084?
4
What is the greatest common divisor of 4290 and 15180?
330
Calculate the greatest common factor of 1357 and 4248.
59
Calculate the highest common divisor of 12410 and 73.
73
Calculate the greatest common divisor of 51225 and 375.
75
Calculate the greatest common divisor of 27832 and 27440.
392
What is the greatest common divisor of 260298 and 225?
9
Calculate the highest common factor of 35554 and 116.
58
What is the highest common factor of 122 and 1036573?
61
Calculate the highest common divisor of 10250 and 740.
10
What is the greatest common divisor of 308 and 1180058?
22
Calculate the highest common divisor of 4224 and 1386.
66
Calculate the highest common factor of 67 and 178421.
67
What is the greatest common divisor of 99 and 8811?
99
Calculate the greatest common factor of 1719 and 3690.
9
Calculate the greatest common factor of 81172 and 1820.
364
Calculate the highest common factor of 870 and 15486.
174
What is the highest common factor of 46 and 29006910?
46
What is the greatest common divisor of 189 and 383238?
27
What is the greatest common factor of 70092 and 76?
4
What is the greatest common divisor of 21645 and 1040?
65
What is the highest common factor of 994800 and 225?
75
Calculate the highest common divisor of 1096 and 3248.
8
What is the greatest common divisor of 6364 and 444?
148
Calculate the highest common factor of 236675 and 375.
25
Calculate the highest common divisor of 6467 and 3568.
223
What is the highest common factor of 901125 and 8455?
445
Calculate the greatest common factor of 2969197 and 154.
77
Calculate the highest common factor of 52 and 151762.
26
What is the greatest common divisor of 972 and 6030?
18
What is the greatest common factor of 363596 and 680?
68
Calculate the greatest common factor of 414 and 106674.
138
Calculate the greatest common factor of 213 and 27619.
71
Calculate the highest common factor of 1235 and 180.
5
What is the highest common factor of 777 and 4599?
21
Calculate the highest common factor of 23106 and 18.
6
What is the highest common divisor of 79721 and 29?
29
Calculate the highest common divisor of 548 and 274.
274
What is the greatest common divisor of 1984 and 55676?
124
Calculate the highest common factor of 1514721 and 78.
39
Calculate the greatest common divisor of 54136 and 536.
536
What is the highest common divisor of 239275 and 16150?
425
What is the greatest common factor of 194 and 559108?
194
Calculate the highest common divisor of 111249 and 2538.
423
What is the highest common factor of 1261 and 65?
13
What is the highest common factor of 493 and 13668?
17
What is the greatest common factor of 345515 and 95?
95
What is the greatest common factor of 8752 and 144?
16
Calculate the greatest common divisor of 5967 and 312.
39
Calculate the highest common factor of 43512 and 126.
42
What is the highest common factor of 7562 and 76?
38
What is the greatest common factor of 5346 and 2310?
66
Calculate the greatest common divisor of 105927 and 255.
51
What is the greatest common divisor of 51 and 35683?
17
What is the highest common divisor of 10 and 64270?
10
Calculate the greatest common divisor of 125 and 535040.
5
What is the highest common divisor of 960933 and 549?
183
What is the highest common divisor of 222 and 966218?
74
What is the highest common factor of 308628 and 900?
36
What is the highest common factor of 56547 and 412?
103
Calculate the greatest common divisor of 46 and 1566921.
23
Calculate the highest common factor of 56331 and 693.
99
Calculate the greatest common factor of 432 and 2555280.
432
Calculate the greatest common divisor of 40 and 511640.
40
Calculate the highest common divisor of 837046 and 14.
14
Calculate the greatest common divisor of 10524 and 120.
12
What is the highest common factor of 1860 and 47895?
465
What is the greatest common factor of 80 and 150160?
80
What is the highest common factor of 201952 and 48?
16
Calculate the greatest common factor of 8 and 10118.
2
What is the highest common divisor of 342 and 101688?
114
Calculate the highest common divisor of 54 and 5958.
18
What is the highest common divisor of 15 and 226305?
15
Calculate the greatest common divisor of 264 and 2832.
24
Calculate the greatest common divisor of 846 and 25239.
141
What is the greatest common divisor of 284 and 857396?
284
Calculate the greatest common factor of 179039 and 7.
7
Calculate the highest common factor of 99292 and 1205.
241
Calculate the highest common divisor of 1777281 and 33.
33
What is the highest common factor of 109676 and 84?
28
What is the highest common divisor of 5184 and 202320?
144
Calculate the greatest common divisor of 390 and 34970.
130
Calculate the highest common factor of 4706 and 5068.
362
What is the highest common factor of 4699 and 24383?
37
What is the highest 